 + -13)))
-6
Calculate -6 + (5 + -13 - (6 + -5 + 1)).
-16
3 + (-25 - -9) - -25
12
What is the value of 2 + 0 - (7 + -3) - (-42 - -33)?
7
Calculate (-1 - (11 - 5) - -5 - 3) + 0.
-5
What is the value of -28 - (-7 + -9) - -36 - 19?
5
(-52 - (2 - 45)) + (10 - (-1 - 0))
2
What is -1 - 22 - (-13 + 7 + 9 + -6)?
-20
Calculate 2 + (-10 - (9 + -18)) + 11.
12
What is 7 + (3 - (-8 + 22) - -10) + -13?
-7
Evaluate 20 - (16 + 6 - 17).
15
-11 + (10 - 6 - (2 + 2 - -1))
-12
Calculate -17 - (-35 + 13 + 6).
-1
What is 7 + -5 + (-10 - (2 + 7 + 11))?
-28
What is (-2 + 0 - 7) + (-27 - (-17 + -5))?
-14
What is the value of 1 + 2 - ((13 + -14 - -12) + -10)?
2
(-466 - -470) + 8 + -2
10
Evaluate -19 + 47 + -4 - 16.
8
What is -8 + (-1 - (4 + -10))?
-3
What is 7 - (13 - 17 - -20)?
-9
What is -18 + (31 - 19) + 36?
30
What is the value of (1 - 1) + (19 - 5) + -6 - -1?
9
Evaluate -29 - 7 - (-5 - (0 - (-10 - -6))).
-27
Calculate (-5 - -11) + 1 + 0 + -5 - -3.
5
What is the value of -8 - ((-3 - (9 + -13 + -3)) + -2)?
-10
Calculate -1 - (2 + 15) - (-559 - -509).
32
What is -21 + 14 + 2 - -8?
3
What is the value of 10 + -14 + 4 + 4?
4
Calculate -2 - (4 + 1 + (-8 - -9) + -8).
0
What is the value of (6 + 11 - 16 - -28) + -12?
17
17 - (-7 - (-1 + -13))
10
Evaluate (16 - 35) + 3 - (0 - -11).
-27
What is (-3 - (-1 - -4 - (7 + 0))) + -10?
-9
Evaluate -8 - (-27 - (14 - 44)).
-11
What is -27 + 1 + 898 + -898?
-26
-9 + (5 - ((0 - 4) + 4)) - -14
10
What is the value of 19 + 4 + -17 + 8 + -1 + -7?
6
What is the value of 8 + -4 + 6 + -3 + 10 + -5?
12
What is 9 - ((10 + -8 - 2) + -8 - -10)?
7
What is -15 - -2 - -22 - 23?
-14
Evaluate 13 + -32 + 12 + 20.
13
What is the value of (1 - 10) + (-107 - -109)?
-7
What is -4 - 1 - (-35 + 33) - -11?
8
What is the value of 12 + -20 + -5 + 11?
-2
Evaluate -2 + -7 + 11 + (13 - -1) + -5.
11
Calculate (12 + -25 - -23 - 15) + -18.
-23
What is the value of 1 + 9 - (-13 - -23 - 0)?
0
Evaluate -4 + (22 + 0 - (-2 + 11)).
9
Calculate (-19 - (31 + -19)) + 16.
-15
What is -32 - -27 - (1 + -6) - -4 - 1?
3
(11 - 21) + (1 + -6 - (-23 + 23))
-15
-21 + 10 + 8 + -7
-10
Evaluate -25 + (31 - 80) + 101.
27
Evaluate -14 + 5 + 44 - -10 - 13.
32
What is the value of 1 + (-6 - ((5 - 3) + 3))?
-10
Evaluate (8 - 8) + 0 + 13.
13
12 + (-12 - (-3 + (-4 - -16))) - 9
-18
What is the value of -8 + 10 - -4 - (-3 - 18)?
27
-39 + 22 + 17 - 9
-9
What is the value of (6 - 4) + (145 - 171)?
-24
Evaluate -27 + -23 + 34 + 22.
6
What is (5 - (-7 + 6)) + 20 + -35?
-9
Calculate 31 - (1 - -23 - (2 + 2) - 10).
21
Evaluate (-31 - -38 - (19 + 1)) + 1.
-12
Evaluate (60 - (53 + -43)) + -29.
21
What is the value of 14 + (-10 + -1 - (-10 - -4))?
9
Evaluate (15 - 20) + 10 - -17.
22
What is 3 + (6 + -1 - (48 - 52))?
12
What is -6 + 11 - (-5 + 13)?
-3
Evaluate 5 + 3 - (1 - -18) - (-27 - -9).
7
What is the value of 5 - (9 + 10 + -23)?
9
Calculate (0 - 42) + 425 + -402.
-19
-8 + 4 + 19 - 5 - -4
14
Calculate 12 + 13 + -10 + (-14 - -9).
10
Evaluate (-5 - (2 + -1 + -1)) + (-4 - 4).
-13
Calculate -6 - (-5 - (-9 - -13)).
3
What is 13 - (-9 - (8 - 19))?
11
Calculate (-7 - -4) + -46 + 40.
-9
Calculate 10 + 22 + (17 - 37).
12
What is (-1 - (-7 + 0)) + 0 - (-85 - -86)?
5
(585 - 572) + (-21 - -1)
-7
What is the value of (-4 - (7 + (-8 - 0)) - 6) + -2?
-11
Calculate -10 + 1 - (-6 + 11 + 0).
-14
0 + (-2 + -7 - (-6 - 13))
10
15 + -13 - -2 - 2
2
What is the value of -30 + -9 + (11 - -4) + (1 - -4)?
-19
Calculate 481 - 495 - (5 - 1).
-18
What is -9 - ((-32 - -10) + -13 - -14)?
12
Evaluate (-1 + -15 - -23) + -22.
-15
20 + (19 - 9) + -13
17
-2 + 3 - (5 - (22 + -13 + 6))
11
Calculate -28 + 52 + -2 + -6 - 27.
-11
Calculate (5 + -4 - 8) + 4 + -3 + 20.
14
What is -41 + 21 + 20 - (15 + 1)?
-16
What is -44 - -51 - (6 + -5)?
6
Evaluate (-33 - -33) + (12 - 1).
11
What is the value of -16 + 8 - (50 - 65)?
7
What is the value of (11 - (-18 + 33)) + 17?
13
What is 0 + -4 + (3 - 1) - (-43 + 28)?
13
What is the value of 34 - 25 - (-3 + 1 - -5)?
6
Calculate (-3 - 3) + (2 - -11) - 16.
-9
What is the value of -10 + (0 + -1 - (-27 + 30)) + 10?
-4
(1 - -23 - -5) + -28
1
What is -3 - (-2 + 9 - (12 + -5))?
-3
What is -6 + -10 - (2 + -5 - (0 - -5))?
-8
Calculate 22 + (-24 + 18 - (-13 - -3 - 0)).
26
What is the value of -3 - -6 - ((-12 - -15) + (-2 - -13))?
-11
What is the value of 8 + -19 + 4 + 6?
-1
What is the value of 0 - 13 - -7 - (-4 + 3 + -7)?
2
Evaluate -11 + 11 + -12 + (18 - -2).
8
Evaluate -16 + 20 + (0 - -8).
12
-3 - 1 - (6 - 10 - (1 - -5))
6
Calculate -9 - 13 - 2 - -26.
2
Calculate (-3 - 8 - (-3 - 18)) + -4.
6
-15 - 0 - (231 + -242)
-4
27 + -24 - (14 + 0)
-11
92 + -25 - (3 - -37)
27
(-73 - -79) + (-1 + 5 - 1)
9
6 + -13 - (-14 + 1 - (0 - -4))
10
What is (28 - 8) + 5 + -10?
15
-5 + (-13 - 14) + 0 + 11
-21
Evaluate -8 + (18 - 7 - (-3 + 4)).
2
Calculate (8 + -9 - 18) + 3 + 7.
-9
What is 0 - (0 - -2 - -3 - (-49 + 47))?
-7
Evaluate -14 - (3 + -37) - 33.
-13
Calculate -1 - ((-7 - -5) + 2 - -1).
-2
What is the value of -11 - (10 - (11 - -9)) - (-7 - 2)?
8
What is the value of -45 + -31 + (-10 - -65)?
-21
Evaluate ((7 - 18) + 0 + 4 - -6) + 18.
17
What is 30 - (4 + 47) - (-1 - 10)?
-10
7 - 11 - 26 - (-14 - (-5 - 0))
-21
What is the value of (1 - (13 - 5 - 3)) + -14 + 16?
-2
What is 18 + -75 + 23 - -21?
-13
Evaluate -19 - (5 + (-18 - -7) + 22 - 9).
-26
-16 - (-17 + 10 - (-3 - -1))
-11
What is the value of -4 - (6 - (-1 - (2 + -41 + -3)))?
31
Calculate 1 + -3 + (-11 - -1) + 120 + -121.
-13
What is the value of -12 + -19 + 17 + 37 - -8?
31
What is the value of (2 - 2 - -2 - 5) + 14?
11
9 + 3 + 9 + -13
8
What is the value of (181 - 192) + 20 + -5 + 1?
5
-3 - (-5 + 9 - 4) - (1 - 3)
-1
12 + (-30 - (-1 + 0))
-17
Evaluate (-3 - (12 - 10)) + -7 - -20.
8
-8 + (-11 + 3 + -6 + 12 - -2)
-8
Calculate -12 + (-21 + 8 - 8) - 0.
-33
Calculate -10 - (16 - 24 - 7).
5
What is -4 - ((-2 - -1) + -7 + 11 - 0)?
-7
What is -17 - 7 - -6 - 7?
-25
0 + -4 + (-11 - -9) + 40 + -22
12
What is the value of 6 + (-1 - 3) + -3 + (11 - 14)?
-4
What is -15 - (-27 + (-2 - -3))?
11
What is the value of 26 + (10 - 20) + -6?
10
Evaluate -30 + 23 - -11 - (5 - 2 - 10).
11
Calculate (-7 - 1) + 0 - (-23 - (27 - 37)).
5
-1 + -6 + 18 - 3
8
Evaluate 2 - (-2 + 1) - (-233 - -237).
-1
What is 954 + -956 - (21 + (-2 - -3))?
-24
What is (-2 - -9) + -10 + -6 + 6?
-3
What is the value of (61 - 61 - (-1 - -1)) + (1 - -2)?
3
(294 - 288) + (-2 - 5)
-1
Calculate (0 - (-1 + -3)) + -1732 + 1703.
-25
Calculate -6 + (-7 - (3 - 7)) + 7 - -7.
5
Calculate 11 - ((-24 - -2) + 13).
20
23 - (14 - (28 + -26))
11
29 + (38 - 47) + (0 - 1)
19
Evaluate -4 - 12 - -4 - ((5 - 8) + 6).
-15
Calculate 34 - (32 - (-24 - -29)).
7
Calculate 0 + -13 - (-16 + -12).
15
What is the value of (60 - (-1 - -33)) + -50?
-22
Evaluate (18 - 19) + -17 - -7.
-11
-26 + -1 - (739 - 770)
4
What is the value of (-3 - ((0 - 4) + 7)) + 14?
8
What is the value of (2 - 0) + -7 - (1 + -6) - 1?
-1
What is 1 - ((4 + -4 - 0) + 3 + -8)?
6
-107 + 80 - (-50 - 4)
27
What is the value of (3 - 1 - 33) + -84 + 85?
-30
Calculate -8 + 0 - (9 + -27 - (-7 + -5)).
-2
What is the value of 25 + -1 - (-55 + 76)?
3
Evaluate -3 - -1 - ((12 - -9) + -29).
6
Evaluate -18 + -2 + (-2 - -11).
-11
Calculate (-5 - -14) + (12 + 0 - -3).
24
(3 + 12 - 8) + 93 + -68
32
Calculate -1 - (-18 + -4 + (-6 - -15)).
12
(-1 + 0 - -21) + -32 + (-28 - -53)
13
What is (-10 - 2) + -63 + 85?
10
Evaluate -22 + 6 - -5 - 13 - -3 - -5.
-16
What is 6 + -6 + 3 + (-5 - -14) - 6?
6
(13 - 19) + 0 + (0 - -14)
8
-19 - (-8 - (0 + 0 + 0 - 6))
-17
(29 - 29) + (-5 - (-9 - -4))
0
-1 + -10 - (-67 - -57)
-1
What is the value of 15 + -2 - 27 - (1 - 50)?
35
What is the value of (167 - 196) + 48 + -1?
18
-1 - (-327 + 309 - (20 - 1))
36
Calculate 10 - (13 + -2 + 3 + -26).
22
What is -6 + (-10 - -27) + -1 + 9?
19
-12 + ((8 - 11) + -7 - -14) + -9
-17
What is -13 - 22 - -22 - (11 - 1)?
-23
What is -66 + 58 + 0 + -4?
-12
Evaluate 16 + -7 + 1 + -4.
6
Evaluate (7 - 2) + (-21 - -35) + -3.
16
Calculate 8 + -14 - (5 + -6) - (-2 - 4).
1
What is (-6 - -9) + -7 + -3 + 8?
1
What is the value of -16 + 17 + 3 + 5?
9
-7 - (0 - (-2 - (3 + -4) - -7))
-1
What is the value of 9 - (-12 + -3 + 2) - 8?
14
Evaluate 1 + -31 + 232 + -218.
-16
What is the value of 15 + -21 - (4 - 25)?
15
8 + -6 + 16 - 6
12
49 + -59 - (5 + -3 - (37 - -1))
2